ts digit of g(k)?
5
Suppose -11 - 9 = -5*o. Let k be o/(-22) - 4355/(-55). Suppose k = 4*x - 21. What is the units digit of x?
5
Let w = -117 - -335. What is the hundreds digit of w?
2
Let d = -15 + -22. Let u be d*(0 - (-2)/2). Let q = 71 + u. What is the units digit of q?
4
Suppose g - 5 + 3 = 0. Let l = -1 + 14. Suppose 3*m = -g*x + l, 5*m - 24 = -4*x + 3. What is the units digit of x?
8
Let x(t) = t**3 + 2*t**2 - 2*t. Let a be x(-2). Let p(s) = 2*s**3 - 7*s**2 + 4*s + 3. What is the units digit of p(a)?
5
Let t be 0/(4*(3 - 4)). Suppose 3*c - 4*w - 186 = c, t = 2*w. What is the tens digit of c?
9
Let n(o) = -3*o + 42. Let j be n(12). What is the tens digit of 134 - (j/(-33) - (-18)/(-22))?
3
Let r be -1 - -1 - (0 + -2). What is the units digit of 153/6 + r + 9/6?
9
Suppose j + 6 = 3*j. Suppose 0 = 2*v + j*v - 25. Suppose 3*s + 2*s = v. What is the units digit of s?
1
Let r(l) = -l**3 - 4*l**2 - 5*l + 2. Let b be r(-6). Suppose 0 = -5*w + b - 384. Let c = -34 - w. What is the units digit of c?
2
Let c(x) = x**2 + 13*x + 38. Let p(y) = -y**2 - 14*y - 38. Let d(w) = -3*c(w) - 4*p(w). What is the units digit of d(-16)?
2
Let h = 36 - 0. Let t = 15 + -7. What is the tens digit of h/2 - (t - 8)?
1
Suppose -4*l = -2 - 18. Suppose h + 0*h - 14 = -4*x, 0 = 3*x - l*h - 22. What is the units digit of x?
4
Suppose -2*d + 4 = 2*r - 4, 10 = 5*d. Let u = 27 - 31. What is the tens digit of (u/r + -15)*-1?
1
Let n(j) = 94*j + 8. Let z be n(-2). What is the tens digit of -1 - (z/8 + (-3)/(-6))?
2
Let u(o) = o + 13. Let y be u(-10). What is the units digit of (1 + y/(-7))/(2/7)?
2
Let p(i) = 3*i - 6. Let c be p(3). Let r be (3/2)/((-3)/(-4)). Suppose r*j - 3*l - 65 = -2*l, -c*j - 2*l = -80. What is the units digit of j?
0
What is the units digit of (-2)/6 + 763456/237?
1
Let b be (-3)/(-12) + 114/24. Suppose 2*j = -k + 22 + 28, -j + b*k + 14 = 0. What is the units digit of j?
4
Let c(z) = 46*z - 2. Let h be 1*-2*(4 - 3). Let t be c(h). What is the units digit of 4 + -7 + t/(-2)?
4
Let i = -463 + 1783. Suppose -10*a + i = -0*a. What is the hundreds digit of a?
1
Let y(d) = 4*d + 7*d - 54 + 47. What is the tens digit of y(14)?
4
Suppose 3*g - 4*q - 20 = 0, -15 = 5*g - 4*q - 51. Suppose g = -4*j, -j = 2*a + 4*j - 144. What is the tens digit of a?
7
Let m(r) = -2*r**3 - 13*r**2 - 13*r - 10. What is the units digit of m(-11)?
2
Let u(i) = -7*i + 90. What is the units digit of u(-30)?
0
Let m = 67 + 114. What is the units digit of m?
1
Let q = 43 - 34. Let i(j) = 4*j + 4 - 5*j + q*j - 2*j. What is the tens digit of i(2)?
1
Suppose 0 = -2*h - m + 3548 + 726, h = -5*m + 2128. What is the hundreds digit of h?
1
Suppose 27*t - 83*t = -85008. What is the units digit of t?
8
Let y(h) = -5*h - 2*h - 10*h**2 + 9*h**2 - 11. Let q be y(-6). What is the tens digit of (12 + 0)*(-1 - q)?
4
Suppose n + 0 = 3. Let j(r) = -29*r**2 + 25*r**2 - r**3 + 2*r**n + 0 + 2*r - 4. What is the units digit of j(4)?
4
Let c(p) = 6*p**2 + 4*p + 4. Let d(y) = -5*y + 12. Let o be d(3). What is the units digit of c(o)?
6
Let w = -29 + 27. What is the units digit of 22/w*(-3)/3?
1
Let c(n) = -n**3 - 6*n**2 + 8*n + 9. Let p be c(-7). Suppose h + p = 0, -5*y + 61 = 5*h - 79. Suppose -b + 6*b = y. What is the units digit of b?
6
Let m(u) = u + 14. Let j be m(-9). Let b(n) = -4*n + 37 - j + 3*n. What is the units digit of b(10)?
2
Let r = 13 + -9. Suppose -r*n + 14 = -6. Suppose -60 = -n*u + 105. What is the units digit of u?
3
Suppose 29*w - 6424 = 7322. What is the hundreds digit of w?
4
Suppose 8992 = 4*q - 2*b, q = 6*q + b - 11226. What is the hundreds digit of q?
2
Let t(m) = 75*m - 22. What is the hundreds digit of t(11)?
8
Suppose 4*s + 11 = 3. Let d(o) = 14*o**3 - 16*o**3 + 5 + 3*o**2 - 2*o**2 - 3. What is the tens digit of d(s)?
2
Let d = 15 - 9. Suppose 3*r - d*r + 147 = 0. Suppose v = -5*f + 83, -3*f + 5*v + r = f. What is the tens digit of f?
1
Let j = 65 + 207. What is the hundreds digit of j?
2
Let r = -1 + 9. Suppose 11 - r = p. Suppose 3*y - 2*y + 2*m - 20 = 0, -p*y + 2*m + 92 = 0. What is the units digit of y?
8
Suppose -5*z = -9 - 1. Suppose 0 = -5*m + 2*t + t + 26, t - 6 = -z*m. What is the units digit of -4*1/(-16)*m?
1
Suppose 2957 = 11*v + 130. Let s = -67 + v. What is the units digit of s?
0
Let l(s) = 76*s**2 + 24*s + 57. What is the hundreds digit of l(-4)?
1
Let g = 12 + -8. Suppose -3*y + 9 = -i - 4*y, 0 = 4*i - g*y + 44. Let b(f) = -f - 7. What is the units digit of b(i)?
3
Let d be 4 + -2 + 0 + 3. Suppose -4*b - 51 - 5 = -u, -3*b - 229 = -d*u. What is the units digit of u?
4
Suppose 1650*l - 1643*l - 5614 = 0. What is the tens digit of l?
0
Let z = 3349 - 4926. Let a = -9231 + z. What is the tens digit of 2/(-11) + a/(-154)?
7
Let h(l) = 37*l**3 + 6*l**2 + 30*l - 168. What is the units digit of h(5)?
7
Suppose 31*z - 32*z + 31 = 0. What is the tens digit of z?
3
Let h(c) = -c**2 + 11*c + 14. Let m be h(12). Let z be 42/10 + m/(-10). Suppose l = -z*o + 67 + 24, 0 = -2*o - 2*l + 44. What is the units digit of o?
3
Let q = 4165 - 522. What is the hundreds digit of q?
6
Let h(t) = t + 7*t - t**3 - 5*t**2 - 2*t + 4. Let r be h(-6). Suppose 0 = -5*s + 4*f - 2*f + 46, -4*s - r*f = -20. What is the units digit of s?
8
What is the thousands digit of (-43935)/(-35) + 18/(-14) + 1?
1
Let s = -132 - -94. Let d = s + -12. Let v = 77 + d. What is the units digit of v?
7
Suppose -5*n = -2*y + 7*y - 2005, -n - 2029 = -5*y. What is the hundreds digit of y?
4
Let u(b) = 1 + 29*b - 9*b + 10*b + 2. What is the tens digit of u(2)?
6
Let y = 666 + -205. Suppose -4*k + y = -t, 0*k - t - 116 = -k. What is the hundreds digit of k?
1
Let c = 639 + -2. What is the hundreds digit of c?
6
Suppose -4*d + 1510 = 2*m, -5*d + 1895 = -0*d + 4*m. What is the hundreds digit of d?
3
What is the hundreds digit of (3/(-15)*-2785)/1?
5
Suppose 0 = -23*g + 18170 + 5957. What is the thousands digit of g?
1
Suppose 25*v + 3*f - 2755 = 24*v, -5*f = -4*v + 10986. What is the units digit of v?
9
Let o(z) = 2*z**2 + 5*z - 4. Let c be o(-4). Let s be 4 - 0 - c/(-1). What is the units digit of (s/14)/((-1)/(-35))?
0
Suppose -2*v - 3*f + 149 = 0, -137 = -6*v + 4*v + f. Suppose 0 = 4*y + 3*z - 7*z - 104, -3*y + 5*z = -v. What is the units digit of ((-24)/y)/(2/(-20))?
8
Let j(w) = 3*w**2 + 19*w - 13. What is the units digit of j(-34)?
9
Let q be 1 + 1/(-2)*0 + 3. Suppose -231 = -2*h - d, -h + q*d - 2*d + 123 = 0. What is the tens digit of h?
1
Suppose 2*a = 3*t - 5 - 13, 4 = 4*t + 4*a. Suppose 3*q = -o - t + 39, -6 = 2*q. What is the units digit of o?
4
Suppose 3*i + i - 20 = 0. Suppose -i*q - 20 = 0, -3*q + 18 = a - 6*q. Suppose 72 = a*n - 2*n. What is the tens digit of n?
1
Suppose -26*b = -64676 + 25650. What is the hundreds digit of b?
5
Suppose 2*m - 5*h - 12 = 0, 0*h + 16 = -4*h. What is the units digit of (m/(-10))/(26/65)?
1
Let c(b) = -b**3 - 14*b**2 + 16*b - 9. Let d be c(-15). What is the units digit of ((-12)/d)/((-2)/(-132))?
3
Suppose -5*y + 83 = 2*m - 2*y, 176 = 4*m - 4*y. What is the units digit of m?
3
Let w(p) = 3*p**2 + 31*p + 4. What is the tens digit of w(-15)?
1
What is the units digit of -1 - (-15)/12 - (-425560)/160?
0
What is the tens digit of (4 + (-3158)/12)*(-60)/10?
5
Let u(d) = d**2 - 39*d + 371. What is the tens digit of u(0)?
7
Let r(z) be the second derivative of 5*z**2 - 5/3*z**3 - 1/12*z**4 + 0 + 6*z. What is the tens digit of r(-8)?
2
Let m = 28 - 10. Let w be 12/m*(78 + 0). Let j = w + -22. What is the units digit of j?
0
Let o(b) = -36*b - 21. Let y be o(-4). Suppose -3*p + 192 = -y. What is the units digit of p?
5
Let f(q) be the third derivative of q**5/60 + q**4/24 + 245*q**3/6 + 3*q**2. Let t be f(0). Suppose -150 = -5*r + t. What is the tens digit of r?
7
Let t(y) = 3*y - 6. Let a = -29 - -25. Let u be t(a). Let v = 33 + u. What is the tens digit of v?
1
Suppose 20 = r - 5*v, -2*r + v = 6*v + 20. Suppose -j + l - 4*l + 22 = r, -2*j - l + 44 = 0. Suppose -i + 34 = -j. What is the units digit of i?
6
Let z(r) = r**3 - 4*r**2 + 4. Let q be z(4). What is the units digit of (q/(-10))/((-9)/1800) - -3?
3
Suppose -4*p = j - 12, 2*p - 4 = 5*j + 2. Suppose -2*s - 4*a - a + 114 = j, 252 = 5*s - 4*a. What is the tens digit of s?
5
Let g = 4973 - 2552. What is the hundreds digit of g?
4
